0 a multiple of 4?
True
Does 35 divide 41020?
True
Does 13 divide 481?
True
Is 9 a factor of 26318?
False
Is 85 a factor of 7820?
True
Does 21 divide 1526?
False
Does 7 divide 6713?
True
Is 28 a factor of 188?
False
Does 24 divide 8617?
False
Does 6 divide 1753?
False
Is 1048 a multiple of 49?
False
Is 64 a factor of 2607?
False
Does 13 divide 1079?
True
Is 17 a factor of 10948?
True
Is 91 a factor of 100560?
False
Does 11 divide 143?
True
Is 64 a factor of 768?
True
Is 759 a multiple of 11?
True
Is 124 a factor of 4712?
True
Is 1072 a multiple of 52?
False
Does 190 divide 93976?
False
Is 674 a multiple of 60?
False
Does 12 divide 16236?
True
Is 2 a factor of 314?
True
Is 10089 a multiple of 177?
True
Does 35 divide 315?
True
Is 8 a factor of 499?
False
Is 33540 a multiple of 26?
True
Is 18 a factor of 2253?
False
Is 885 a multiple of 23?
False
Is 5 a factor of 8265?
True
Does 18 divide 1116?
True
Does 2 divide 5407?
False
Does 9 divide 1458?
True
Does 10 divide 3661?
False
Is 6951 a multiple of 30?
False
Is 48001 a multiple of 68?
False
Is 18699 a multiple of 69?
True
Is 7 a factor of 11816?
True
Does 25 divide 93344?
False
Does 25 divide 2775?
True
Is 80 a factor of 6480?
True
Is 15607 a multiple of 16?
False
Is 11590 a multiple of 19?
True
Is 40 a factor of 27800?
True
Is 846 a multiple of 49?
False
Is 2176 a multiple of 17?
True
Is 34 a factor of 17374?
True
Does 9 divide 25285?
False
Is 21 a factor of 5102?
False
Is 71082 a multiple of 33?
True
Is 325 a multiple of 13?
True
Does 103 divide 4281?
False
Is 22 a factor of 2823?
False
Is 201 a multiple of 7?
False
Is 24 a factor of 1680?
True
Is 8 a factor of 3681?
False
Is 580 a multiple of 29?
True
Is 2470 a multiple of 19?
True
Is 3102 a multiple of 3?
True
Does 3 divide 48?
True
Is 8 a factor of 2976?
True
Is 2678 a multiple of 13?
True
Is 40 a factor of 434?
False
Is 27 a factor of 5400?
True
Is 37 a factor of 11544?
True
Does 128 divide 72448?
True
Does 27 divide 61988?
False
Does 9 divide 26415?
True
Is 123018 a multiple of 42?
True
Is 15 a factor of 260?
False
Does 62 divide 4774?
True
Is 360 a multiple of 16?
False
Is 14 a factor of 343?
False
Is 122 a factor of 88572?
True
Is 319 a multiple of 11?
True
Is 7 a factor of 1771?
True
Is 76 a multiple of 19?
True
Is 12284 a multiple of 37?
True
Is 8 a factor of 5136?
True
Is 38 a factor of 114?
True
Is 1075 a multiple of 25?
True
Does 6 divide 12534?
True
Is 29 even?
False
Does 5 divide 43?
False
Is 54 a factor of 3078?
True
Is 36 a factor of 2484?
True
Does 2 divide 612?
True
Is 3 a factor of 92?
False
Is 10 a factor of 267?
False
Does 12 divide 10128?
True
Is 93 a factor of 17856?
True
Is 42 a factor of 3542?
False
Does 12 divide 361?
False
Is 440 a multiple of 73?
False
Is 28 a factor of 16548?
True
Does 12 divide 10759?
False
Does 58 divide 3886?
True
Is 10712 a multiple of 103?
True
Is 10 a factor of 1000?
True
Is 41 a factor of 74784?
True
Does 19 divide 14003?
True
Is 654 a multiple of 15?
False
Is 351 a factor of 90265?
False
Is 22785 a multiple of 42?
False
Is 14620 a multiple of 86?
True
Does 23 divide 35857?
True
Does 3 divide 489?
True
Is 4 a factor of 2873?
False
Is 23712 a multiple of 11?
False
Does 6 divide 2220?
True
Is 109 a factor of 436?
True
Is 5 a factor of 2155?
True
Is 2 a factor of 19?
False
Does 4 divide 930?
False
Is 14685 a multiple of 13?
False
Does 4 divide 582?
False
Is 657 a multiple of 73?
True
Is 20 a factor of 6960?
True
Is 2835 a multiple of 27?
True
Is 13 a factor of 1289?
False
Does 38 divide 3424?
False
Is 50 a factor of 979?
False
Does 94 divide 14476?
True
Is 28737 a multiple of 279?
True
Is 553 a multiple of 16?
False
Is 18 a factor of 13680?
True
Does 33 divide 12138?
False
Does 145 divide 3747?
False
Is 111542 a multiple of 43?
True
Does 94 divide 184?
False
Does 19 divide 969?
True
Does 22 divide 78892?
True
Is 6 a factor of 120?
True
Is 431 a multiple of 25?
False
Does 4 divide 294?
False
Does 39 divide 24250?
False
Is 153642 a multiple of 336?
False
Is 650 a multiple of 22?
False
Is 1599 a multiple of 83?
False
Is 2820 a multiple of 47?
True
Does 9 divide 7038?
True
Is 53 a factor of 26712?
True
Is 11 a factor of 933?
False
Is 11 a factor of 10659?
True
Is 13 a factor of 78?
True
Is 165 even?
False
Does 3 divide 689?
False
Does 51 divide 327?
False
Does 13 divide 57341?
False
Does 44 divide 1628?
True
Is 70 a factor of 3958?
False
Is 9 a factor of 1906?
False
Does 9 divide 12321?
True
Does 47 divide 17181?
False
Is 13140 a multiple of 292?
True
Is 890 a multiple of 5?
True
Is 47790 a multiple of 10?
True
Is 26 a factor of 171?
False
Is 21 a factor of 189?
True
Does 5 divide 175?
True
Is 49 a factor of 882?
True
Does 11 divide 9251?
True
Is 3679 a multiple of 5?
False
Is 2450 a multiple of 6?
False
Is 101 a factor of 4970?
False
Is 18 a factor of 7695?
False
Does 87 divide 2757?
False
Does 12 divide 8484?
True
Is 12 a factor of 7032?
True
Does 15 divide 5010?
True
Is 48 a factor of 912?
True
Does 196 divide 93435?
False
Is 7 a factor of 301?
True
Is 7 a factor of 506?
False
Is 63 a factor of 18333?
True
Is 2914 a multiple of 167?
False
Does 9 divide 3636?
True
Does 6 divide 11919?
False
Does 13 divide 5716?
False
Does 6 divide 2064?
True
Is 1249 a multiple of 16?
False
Is 2 a factor of 328?
True
Does 16 divide 678?
False
Does 24 divide 303?
False
Is 2908 a multiple of 20?
False
Does 29 divide 6013?
False
Does 17 divide 1122?
True
Is 30 a factor of 869?
False
Does 58 divide 11809?
False
Is 7 a factor of 3619?
True
Does 8 divide 1608?
True
Is 1059 a multiple of 32?
False
Is 82 a factor of 410?
True
Is 76 a factor of 4180?
True
Does 41 divide 18360?
False
Is 95 a multiple of 19?
True
Does 8 divide 4363?
False
Is 7 a factor of 13565?
False
Does 169 divide 45069?
False
Is 177 a multiple of 2?
False
Is 2 a factor of 497?
False
Does 22 divide 83555?
False
Is 264 a multiple of 52?
False
Is 32562 a multiple of 18?
True
Does 41 divide 20090?
True
Does 37 divide 10767?
True
Is 20 a factor of 45?
False
Is 17 a factor of 6902?
True
Does 8 divide 9518?
False
Is 68 a multiple of 8?
False
Is 6 a factor of 3580?
False
Is 4414 a multiple of 23?
False
Does 13 divide 6214?
True
Is 36801 a multiple of 102?
False
Is 29 a factor of 986?
True
Is 1472 a multiple of 72?
False
Does 32 divide 192?
True
Is 28804 a multiple of 14?
False
Is 63 a factor of 1780?
False
Does 6 divide 1074?
True
Is 11040 a multiple of 23?
True
Is 2968 a multiple of 28?
True
Does 13 divide 18818?
False
Does 16 divide 112?
True
Is 12 a factor of 2349?
False
Is 39 a factor of 507?
True
Does 65 divide 520?
True
Does 10 divide 8709?
False
Is 4394 a multiple of 9?
False
Is 218 a multiple of 14?
False
Is 56 a factor of 41216?
True
Does 10 divide 617?
False
Is 10 a factor of 800?
True
Is 13 a factor of 40287?
True
Is 397 a multiple of 35?
False
Does 44 divide 2508?
True
Is 26 a multiple of 26?
True
Is 10 a factor of 10160?
True
Is 25717 a multiple of 11?
False
Is 386 a factor of 66778?
True
Is 451 a multiple of 41?
True
Does 10 divide 28435?
False
Is 400 a multiple of 10?
True
Does 17 divide 22419?
False
Does 58 divide 22415?
False
Is 1810 a multiple of 85?
False
Is 6 a factor of 592?
False
Is 113 a multiple of 2?
False
Is 20 a factor of 8380?
True
Is 12 a factor of 63816?
True
Is 22 a factor of 12452?
True
Is 5258 a multiple of 43?
False
Is 6 a multiple of 2?
True
Is 89 a factor of 5251?
True
Is 16 a factor of 2696?
False
Does 23 divide 3634?
True
Is 46 a factor of 1769?
False
Does 2 divide 39?
False
Is 1315 a multiple of 12?
False
Is 162 a factor of 7609?
False
Is 995 a multiple of 26?
False
Is 3231 a multiple of 97?
False
Is 47 a factor of 59718?
False
Is 4130 a multiple of 2?
True
Is 41808 a multiple of 78?
True
Does 232 divide 15088?
False
Is 90 a factor of 32670?
True
Is 14 a factor of 452?
False
Does 277 divide 33794?
True
Is 4 a factor of 43?
False
Does 164 divide 22527?
False
Is 15 a factor of 75?
True
Does 192 divide 6528?
True
Is 11 a factor of 1277?
False
Is 23065 a multiple of 14?
False
Does 28 divide 420?
True
Is 19566 a multiple of 137?
False
Does 24 divide 2997?
False
Is 1673 a multiple of 3?
False
Does 28 divide 120456?
True
Does 77 divide 33649?
True
Does 47 divide 3149?
True
Is 2884 a multiple of 28?
True
Is 31 a factor of 837?
